ors of 376625782.
2, 13, 23, 139, 197
List the prime factors of 100932286.
2, 7, 13, 554573
List the prime factors of 4762339101.
3, 13, 3089, 13177
List the prime factors of 81593722.
2, 7, 61, 13649
List the prime factors of 466711475.
5, 2749, 6791
List the prime factors of 2554434235.
5, 16657, 30671
List the prime factors of 4847196228.
2, 3, 7, 8243531
What are the prime factors of 359866222?
2, 401, 563, 797
What are the prime factors of 97353801?
3, 10817089
What are the prime factors of 656426527?
139, 4722493
What are the prime factors of 763649916?
2, 3, 1733, 36721
What are the prime factors of 244800448?
2, 439, 8713
What are the prime factors of 66222785?
5, 37, 311, 1151
What are the prime factors of 8305184?
2, 259537
What are the prime factors of 257542255?
5, 113, 455827
What are the prime factors of 207256140?
2, 3, 5, 7, 13, 12653
What are the prime factors of 3396821439?
3, 11, 102933983
What are the prime factors of 144421634?
2, 7, 10315831
What are the prime factors of 5463839?
5463839
List the prime factors of 744116518.
2, 191, 193, 10093
List the prime factors of 8446655725.
5, 97, 197, 17681
List the prime factors of 2926930222.
2, 17, 41, 191, 10993
What are the prime factors of 791455558?
2, 193, 2050403
What are the prime factors of 45311251?
45311251
What are the prime factors of 483566684?
2, 120891671
What are the prime factors of 310346783?
310346783
What are the prime factors of 1449809178?
2, 3, 31, 1789, 4357
What are the prime factors of 766420534?
2, 11, 383, 8269
What are the prime factors of 290143707?
3, 7, 191, 72337
List the prime factors of 39463581.
3, 73, 79, 2281
List the prime factors of 3866151712.
2, 191, 379, 1669
List the prime factors of 121435833.
3, 1861, 21751
List the prime factors of 616058477.
616058477
List the prime factors of 14948380.
2, 5, 79, 9461
What are the prime factors of 34666279?
19, 41, 44501
List the prime factors of 1239123361.
7, 19, 41, 223, 1019
List the prime factors of 5041317031.
23, 219187697
What are the prime factors of 20780627?
7, 47, 83, 761
List the prime factors of 784728494.
2, 11, 53, 71, 9479
What are the prime factors of 1314278564?
2, 19, 17293139
List the prime factors of 17292050.
2, 5, 71, 4871
What are the prime factors of 2253798610?
2, 5, 7, 211, 21799
List the prime factors of 44330255.
5, 37, 239623
What are the prime factors of 3298176563?
11, 23, 13036271
List the prime factors of 287509381.
401, 716981
List the prime factors of 284477041.
23, 47, 97, 2713
What are the prime factors of 4076286447?
3, 6653, 204233
What are the prime factors of 134517824?
2, 7, 283, 1061
List the prime factors of 2331995940.
2, 3, 5, 4318511
List the prime factors of 274571095.
5, 107, 191, 2687
What are the prime factors of 3965163401?
197, 20127733
What are the prime factors of 71663372?
2, 11, 461, 3533
List the prime factors of 3688701752.
2, 17, 47, 577081
List the prime factors of 566308809.
3, 11, 5720291
What are the prime factors of 2236455744?
2, 3, 1367, 8521
What are the prime factors of 117948181?
13, 19, 477523
List the prime factors of 42187992.
2, 3, 7, 11, 37, 617
List the prime factors of 5849959549.
7, 835708507
List the prime factors of 565201504.
2, 7, 577, 4373
List the prime factors of 53462909.
17, 59, 151, 353
List the prime factors of 54636326.
2, 27318163
List the prime factors of 336396866.
2, 13, 491, 2027
What are the prime factors of 2802244583?
19, 23, 6412459
What are the prime factors of 605801560?
2, 5, 7, 13, 166429
List the prime factors of 1715447283.
3, 11, 51983251
List the prime factors of 647725321.
173, 233, 16069
What are the prime factors of 799428566?
2, 43, 9295681
List the prime factors of 24598636.
2, 37, 166207
List the prime factors of 1360246099.
1360246099
List the prime factors of 1221978890.
2, 5, 11, 11108899
What are the prime factors of 39154191?
3, 229, 56993
What are the prime factors of 2563793737?
2563793737
List the prime factors of 47817357.
3, 7, 19, 37, 41, 79
What are the prime factors of 4513846939?
7, 71, 9082187
What are the prime factors of 556589723?
556589723
List the prime factors of 1452768.
2, 3, 37, 409
List the prime factors of 452180003.
11, 1063, 38671
What are the prime factors of 48483381?
3, 16161127
List the prime factors of 210895658.
2, 757, 139297
What are the prime factors of 27650098?
2, 7, 71, 27817
List the prime factors of 1033875559.
9283, 111373
What are the prime factors of 401939707?
13, 31, 997369
List the prime factors of 2221069665.
3, 5, 148071311
What are the prime factors of 487019084?
2, 281, 433291
List the prime factors of 39047962.
2, 53, 79, 4663
What are the prime factors of 3324383544?
2, 3, 967, 143243
List the prime factors of 613535813.
11, 37, 631, 2389
List the prime factors of 49179589.
17, 23, 73, 1723
What are the prime factors of 312044630?
2, 5, 31204463
List the prime factors of 1180532526.
2, 3, 196755421
What are the prime factors of 60159647?
60159647
What are the prime factors of 5279064876?
2, 3, 17, 139, 62057
List the prime factors of 1761506752.
2, 1069, 25747
List the prime factors of 12692170.
2, 5, 857, 1481
List the prime factors of 819519264.
2, 3, 2845553
List the prime factors of 54408393.
3, 13, 149, 3121
List the prime factors of 47148066.
2, 3, 7, 383, 977
List the prime factors of 202982682.
2, 3, 7, 23, 210127
List the prime factors of 576607965.
3, 5, 79, 486589
List the prime factors of 249064806.
2, 3, 19, 2184779
What are the prime factors of 4087062214?
2, 97, 21067331
List the prime factors of 256499768.
2, 7, 1129, 4057
What are the prime factors of 3577810234?
2, 47, 38061811
What are the prime factors of 285973953?
3, 3469, 27479
What are the prime factors of 1276332108?
2, 3, 29, 3667621
List the prime factors of 2921382975.
3, 5, 7, 5564539
What are the prime factors of 364934305?
5, 72986861
List the prime factors of 1779730003.
5821, 305743
What are the prime factors of 834173653?
809, 1031117
List the prime factors of 114467241.
3, 7, 5450821
List the prime factors of 3002724169.
53, 56655173
What are the prime factors of 67750444?
2, 16937611
List the prime factors of 26542178.
2, 13, 1020853
What are the prime factors of 625032421?
13, 17, 709, 3989
What are the prime factors of 4377141721?
4377141721
What are the prime factors of 49827791?
13, 53, 5563
List the prime factors of 828578188.
2, 6803, 30449
What are the prime factors of 745755888?
2, 3, 41, 378941
What are the prime factors of 7589847053?
43, 176508071
List the prime factors of 70419496.
2, 7, 1257491
List the prime factors of 621516.
2, 3, 7, 151
What are the prime factors of 50180664?
2, 3, 23, 90907
What are the prime factors of 84884938?
2, 42442469
What are the prime factors of 1166066?
2, 11, 53003
What are the prime factors of 3374939609?
83, 1259, 32297
What are the prime factors of 93587661?
3, 10398629
What are the prime factors of 6742191674?
2, 31, 4073, 26699
What are the prime factors of 227997778?
2, 17, 6705817
List the prime factors of 17421727.
19, 916933
What are the prime factors of 60635230?
2, 5, 29, 37, 5651
List the prime factors of 39298718.
2, 911, 21569
List the prime factors of 269574365.
5, 6311, 8543
List the prime factors of 14542730.
2, 5, 1454273
List the prime factors of 204199575.
3, 5, 2722661
List the prime factors of 138581963.
13, 10660151
List the prime factors of 262920361.
11, 43, 555857
What are the prime factors of 890365313?
79, 439, 25673
List the prime factors of 48921287.
3637, 13451
List the prime factors of 309917896.
2, 29, 1335853
What are the prime factors of 417480061?
23, 18151307
What are the prime factors of 299899713?
3, 137, 431, 1693
List the prime factors of 21518138.
2, 113, 95213
List the prime factors of 186728533.
317, 589049
What are the prime factors of 44842163?
43, 653, 1597
What are the prime factors of 33069346?
2, 16534673
What are the prime factors of 5403692?
2, 7, 59, 3271
What are the prime factors of 18089696?
2, 565303
What are the prime factors of 16120139?
7, 97, 23741
List the prime factors of 144601743.
3, 11, 13, 29, 59, 197
List the prime factors of 820529832.
2, 3, 34188743
List the prime factors of 117220958.
2, 29, 37, 54623
What are the prime factors